{"id":95,"date":"2015-07-01T04:11:23","date_gmt":"2015-07-01T02:11:23","guid":{"rendered":"https:\/\/parite.inria.fr\/?page_id=95"},"modified":"2015-12-08T00:38:56","modified_gmt":"2015-12-07T23:38:56","slug":"parentalite-et-equilibre-des-temps-de-vie","status":"publish","type":"page","link":"https:\/\/parite.inria.fr\/fr\/groupes-de-travail\/parentalite-et-equilibre-des-temps-de-vie\/","title":{"rendered":"Parentalit\u00e9 et \u00e9quilibre des temps de vie"},"content":{"rendered":"<p>Ce groupe de travail\u00a0\u00a0souhaite identifier et supprimer les facteurs de discrimination, en mettant les bases d&rsquo;un environnement favorable \u00e0 nos coll\u00e8gues parents \u00e0 l&rsquo;int\u00e9rieur de l&rsquo;INRIA.<\/p>\n<p>Le groupe est anim\u00e9 par Liliana Cucu-Grosjean et il est compos\u00e9 de\u00a0<span class=\"\">\u00a0Olivier Zendra, Mathilde Doresmus, Florian Dufour, Didier Roy,\u00a0<\/span><span class=\"author-a-sz69zz84zz74zz88z2z74zjjv18z78zptz75z\">Fabienne Elbar<\/span><span class=\"author-a-32ymz79zjz82zlz67zlz79zz82z6z86zz122zz86z\">, Yohan Michel et<\/span><span class=\"author-a-rdkz84z6uaz75zxd6z85zlz122zz83zl\">\u00a0Nicolas Jahier.<\/span><\/p>\n","protected":false},"excerpt":{"rendered":"<p>Ce groupe de travail\u00a0\u00a0souhaite identifier et supprimer les facteurs de discrimination, en mettant les bases d&rsquo;un environnement favorable \u00e0 nos coll\u00e8gues parents \u00e0 l&rsquo;int\u00e9rieur de l&rsquo;INRIA. Le groupe est anim\u00e9 par Liliana Cucu-Grosjean et il est compos\u00e9 de\u00a0\u00a0Olivier Zendra, Mathilde Doresmus, Florian Dufour, Didier Roy,\u00a0Fabienne Elbar, Yohan Michel et\u00a0Nicolas Jahier.<\/p>\n<p class=\"continue-reading-button\"> <a class=\"continue-reading-link\" href=\"https:\/\/parite.inria.fr\/fr\/groupes-de-travail\/parentalite-et-equilibre-des-temps-de-vie\/\">Lire la suite<i class=\"crycon-right-dir\"><\/i><\/a><\/p>\n","protected":false},"author":1214,"featured_media":0,"parent":68,"menu_order":4,"comment_status":"open","ping_status":"closed","template":"","meta":{"_mc_calendar":[],"footnotes":""},"class_list":["post-95","page","type-page","status-publish","hentry"],"_links":{"self":[{"href":"https:\/\/parite.inria.fr\/fr\/wp-json\/wp\/v2\/pages\/95","targetHints":{"allow":["GET"]}}],"collection":[{"href":"https:\/\/parite.inria.fr\/fr\/wp-json\/wp\/v2\/pages"}],"about":[{"href":"https:\/\/parite.inria.fr\/fr\/wp-json\/wp\/v2\/types\/page"}],"author":[{"embeddable":true,"href":"https:\/\/parite.inria.fr\/fr\/wp-json\/wp\/v2\/users\/1214"}],"replies":[{"embeddable":true,"href":"https:\/\/parite.inria.fr\/fr\/wp-json\/wp\/v2\/comments?post=95"}],"version-history":[{"count":4,"href":"https:\/\/parite.inria.fr\/fr\/wp-json\/wp\/v2\/pages\/95\/revisions"}],"predecessor-version":[{"id":277,"href":"https:\/\/parite.inria.fr\/fr\/wp-json\/wp\/v2\/pages\/95\/revisions\/277"}],"up":[{"embeddable":true,"href":"https:\/\/parite.inria.fr\/fr\/wp-json\/wp\/v2\/pages\/68"}],"wp:attachment":[{"href":"https:\/\/parite.inria.fr\/fr\/wp-json\/wp\/v2\/media?parent=95"}],"curies":[{"name":"wp","href":"https:\/\/api.w.org\/{rel}","templated":true}]}}

Parentalité et équilibre des temps de vie

<p>Ce groupe de travail  souhaite identifier et supprimer les facteurs de discrimination, en mettant les bases d&rsquo;un environnement favorable à nos collègues parents à l&rsquo;intérieur de l&rsquo;INRIA.</p>
<p>Le groupe est animé par Liliana Cucu-Grosjean et il est composé de <span class=""> Olivier Zendra, Mathilde Doresmus, Florian Dufour, Didier Roy, </span><span class="author-a-sz69zz84zz74zz88z2z74zjjv18z78zptz75z">Fabienne Elbar</span><span class="author-a-32ymz79zjz82zlz67zlz79zz82z6z86zz122zz86z">, Yohan Michel et</span><span class="author-a-rdkz84z6uaz75zxd6z85zlz122zz83zl"> Nicolas Jahier.</span></p>

<p>Ce groupe de travail  souhaite identifier et supprimer les facteurs de discrimination, en mettant les bases d&rsquo;un environnement favorable à nos collègues parents à l&rsquo;intérieur de l&rsquo;INRIA. Le groupe est animé par Liliana Cucu-Grosjean et il est composé de  Olivier Zendra, Mathilde Doresmus, Florian Dufour, Didier Roy, Fabienne Elbar, Yohan Michel et Nicolas Jahier.</p>
<p class="continue-reading-button"> <a class="continue-reading-link" href="https://parite.inria.fr/fr/groupes-de-travail/parentalite-et-equilibre-des-temps-de-vie/">Lire la suite<i class="crycon-right-dir"></i></a></p>
