{"id":85,"date":"2015-07-01T03:36:16","date_gmt":"2015-07-01T01:36:16","guid":{"rendered":"https:\/\/parite.inria.fr\/?page_id=85"},"modified":"2018-06-27T12:18:51","modified_gmt":"2018-06-27T10:18:51","slug":"prise-de-conscience","status":"publish","type":"page","link":"https:\/\/parite.inria.fr\/fr\/groupes-de-travail\/prise-de-conscience\/","title":{"rendered":"Com&rsquo;"},"content":{"rendered":"<p>Le groupe de travail \u00ab\u00a0Com&rsquo; \u00a0\u00bb souhaite sensibiliser l&rsquo;ensemble des membres Inria sur la parit\u00e9 et l&rsquo;\u00e9galit\u00e9, en communicant sur les actions et les r\u00e9alisations du comit\u00e9. Il souhaite aussi veiller \u00e0 ce que les modes d&rsquo;expression (images\/\u00e9l\u00e9ments de langages) refl\u00e8tent ces notions.<\/p>\n<p>Il est anim\u00e9 par Antoine Rousseau et Marie-Agnes Enard. Ses membres sont\u00a0Serge Abiteboul,\u00a0Ilaria Castellani, Florian Dufour, Fabienne Elbar, Laetitia Grimaldi, Nathalie Revol, Nicolas Roussel, Catherine Bonnet, C\u00e9line Grandmont, Pascal Guitton et Charles \u00a0Renou.<\/p>\n","protected":false},"excerpt":{"rendered":"<p>Le groupe de travail \u00ab\u00a0Com&rsquo; \u00a0\u00bb souhaite sensibiliser l&rsquo;ensemble des membres Inria sur la parit\u00e9 et l&rsquo;\u00e9galit\u00e9, en communicant sur les actions et les r\u00e9alisations du comit\u00e9. Il souhaite aussi veiller \u00e0 ce que les modes d&rsquo;expression (images\/\u00e9l\u00e9ments de langages) refl\u00e8tent ces notions. Il est anim\u00e9 par Antoine Rousseau et\u2026<\/p>\n<p class=\"continue-reading-button\"> <a class=\"continue-reading-link\" href=\"https:\/\/parite.inria.fr\/fr\/groupes-de-travail\/prise-de-conscience\/\">Lire la suite<i class=\"crycon-right-dir\"><\/i><\/a><\/p>\n","protected":false},"author":1214,"featured_media":0,"parent":68,"menu_order":1,"comment_status":"open","ping_status":"closed","template":"","meta":{"_mc_calendar":[],"footnotes":""},"class_list":["post-85","page","type-page","status-publish","hentry"],"_links":{"self":[{"href":"https:\/\/parite.inria.fr\/fr\/wp-json\/wp\/v2\/pages\/85","targetHints":{"allow":["GET"]}}],"collection":[{"href":"https:\/\/parite.inria.fr\/fr\/wp-json\/wp\/v2\/pages"}],"about":[{"href":"https:\/\/parite.inria.fr\/fr\/wp-json\/wp\/v2\/types\/page"}],"author":[{"embeddable":true,"href":"https:\/\/parite.inria.fr\/fr\/wp-json\/wp\/v2\/users\/1214"}],"replies":[{"embeddable":true,"href":"https:\/\/parite.inria.fr\/fr\/wp-json\/wp\/v2\/comments?post=85"}],"version-history":[{"count":8,"href":"https:\/\/parite.inria.fr\/fr\/wp-json\/wp\/v2\/pages\/85\/revisions"}],"predecessor-version":[{"id":808,"href":"https:\/\/parite.inria.fr\/fr\/wp-json\/wp\/v2\/pages\/85\/revisions\/808"}],"up":[{"embeddable":true,"href":"https:\/\/parite.inria.fr\/fr\/wp-json\/wp\/v2\/pages\/68"}],"wp:attachment":[{"href":"https:\/\/parite.inria.fr\/fr\/wp-json\/wp\/v2\/media?parent=85"}],"curies":[{"name":"wp","href":"https:\/\/api.w.org\/{rel}","templated":true}]}}

<p>Le groupe de travail « Com&rsquo;  » souhaite sensibiliser l&rsquo;ensemble des membres Inria sur la parité et l&rsquo;égalité, en communicant sur les actions et les réalisations du comité. Il souhaite aussi veiller à ce que les modes d&rsquo;expression (images/éléments de langages) reflètent ces notions.</p>
<p>Il est animé par Antoine Rousseau et Marie-Agnes Enard. Ses membres sont Serge Abiteboul, Ilaria Castellani, Florian Dufour, Fabienne Elbar, Laetitia Grimaldi, Nathalie Revol, Nicolas Roussel, Catherine Bonnet, Céline Grandmont, Pascal Guitton et Charles  Renou.</p>

<p>Le groupe de travail « Com&rsquo;  » souhaite sensibiliser l&rsquo;ensemble des membres Inria sur la parité et l&rsquo;égalité, en communicant sur les actions et les réalisations du comité. Il souhaite aussi veiller à ce que les modes d&rsquo;expression (images/éléments de langages) reflètent ces notions. Il est animé par Antoine Rousseau et…</p>
<p class="continue-reading-button"> <a class="continue-reading-link" href="https://parite.inria.fr/fr/groupes-de-travail/prise-de-conscience/">Lire la suite<i class="crycon-right-dir"></i></a></p>
