{"id":68,"date":"2015-06-26T20:17:48","date_gmt":"2015-06-26T18:17:48","guid":{"rendered":"https:\/\/parite.inria.fr\/?page_id=68"},"modified":"2025-06-17T15:56:48","modified_gmt":"2025-06-17T13:56:48","slug":"groupes-de-travail","status":"publish","type":"page","link":"https:\/\/parite.inria.fr\/fr\/groupes-de-travail\/","title":{"rendered":"Groupes de travail"},"content":{"rendered":"<h2><span style=\"color: #1067a3;\">Communication<\/span><\/h2>\n<p>Le GT Communication a l\u2019ambition d\u2019adresser des questions tr\u00e8s diverses autour de la communication autant en interne qu\u2019en externe : le maintien du site web du comit\u00e9, le choix de diff\u00e9rents canaux pour la diffusion des actions du comit\u00e9 ainsi que la pr\u00e9paration de supports adapt\u00e9s, l\u2019\u00e9laboration de nouvelles recommandations pour une communication \u00e9galitaire qui tiennent compte des aspects handicap, la cr\u00e9ation d\u2019une biblioth\u00e8que parit\u00e9\u2026<\/p>\n<p><strong>Membres<\/strong>: Catherine Bonnet (responsable), Ilaria Castellani, Cl\u00e9mence Frioux, Marie-Laetitia Gambi\u00e9, Olivier Gladin, C\u00e9line Grandmont, Steve Kremer<\/p>\n<p><strong>Anciennes et anciens membres<\/strong>: Serge Abiteboul, Catherine Bonnet, Ilaria Castellani, Liliana Cucu-Grosjean, Florian Dufour, Fabienne Elbar, Marie-Agn\u00e8s Enard, C\u00e9line Grandmont, Laetitia Grimaldi, Pascal Guitton, Juliette Leblond, Julie Mouzet, Charles Renou, Nathalie Revol, Antoine Rousseau, Nicolas Roussel<\/p>\n<h2><span style=\"color: #1067a3;\">Recrutement<\/span><\/h2>\n<p>Le GT Recrutement est d\u00e9di\u00e9 \u00e0 l&rsquo;extension \u00e0 tous les concours de recrutement et promotion de l\u2019institut des bonnes pratiques en mati\u00e8re de prise en compte des questions de parit\u00e9 et \u00e9galit\u00e9 telles qu\u2019\u00e9tablies pour les concours chercheurs et chercheuses : les concours ITA, les concours CPJ, les divers concours d\u2019admission de l\u2019institut, les recrutements en doctorat, postdoctorat, sur des postes d\u2019ing\u00e9nieur\/ing\u00e9nieure en CDD\u2026<\/p>\n<p class=\"p1\">Par ailleurs, il m\u00e8ne des r\u00e9flexions sur les possibles leviers pour attirer plus de candidatures f\u00e9minines dans l\u2019institut.<\/p>\n<p><strong>Membres<\/strong>: Catherine Bonnet (responsable), Ilaria Castellani, Olivier Gladin, C\u00e9line Grandmont, Benjamin Guedj, Steve Kremer, Juliette Leblond, Roger Pissard-Gibollet,\u00a0 Sylvain Salvati, Benjamin Smith<br \/>\n<strong>Anciennes et anciens membres<\/strong>: Hugues Berry, Ilaria Castellani, Liliana Cucu-Grosjean, C\u00e9line Grandmont, Yohan Michel, Antoine Rousseau, Nicolas Roussel, Anne Siegel<\/p>\n<h2><span style=\"color: #1067a3;\">Aide au retour apr\u00e8s un arr\u00eat (maternit\u00e9, maladie, aidant\/aidante)<\/span><\/h2>\n<p class=\"p1\">Ce GT est d\u00e9di\u00e9 au recensement de diverses actions \u00e0 mettre en place pour aider \u00e0 la reprise d\u2019activit\u00e9<span class=\"Apple-converted-space\">\u00a0 <\/span>tout personnel soumis \u00e0 un arr\u00eat d\u2019activit\u00e9 long\u00a0: arr\u00eat maternit\u00e9, arr\u00eat maladie, personne aidante\u2026<\/p>\n<p class=\"p1\">Il poursuit par ailleurs les travaux du GT \u2018Parentalit\u00e9 et \u00e9quilibre des temps de vie\u2019 en travaillant sur une mise \u00e0 jour du guide des parents de 2018.<\/p>\n<p><strong>Membres<\/strong>: Catherine Bonnet, Delphine Charbonneau, La\u00e9rcio Pilla Lima (responsable), Aurore Poirier, Elise Taillant, M\u00e9lanie Raimbault<\/p>\n<h2><span style=\"color: #1067a3;\">Inclusion des personnes LGBTQIA+<\/span><\/h2>\n<p class=\"p1\">Ce GT a \u00e9t\u00e9 cr\u00e9\u00e9 pour mener des r\u00e9flexions conduisant \u00e0 la r\u00e9daction d\u2019une charte LGBTQIA+ ainsi qu\u2019au d\u00e9ploiement d\u2019actions de sensibilisation et formation des personnels de l\u2019institut.<\/p>\n<p class=\"p1\">La question de la visibilit\u00e9 des personnes LGBTQIA+<span class=\"Apple-converted-space\">\u00a0 <\/span>est \u00e9galement consid\u00e9r\u00e9e par ce GT.<\/p>\n<p><strong>Membres<\/strong>: Nathalie Bertrand, Dominique Chapelle, Caroline Collange, Andreas Enge, Laetitia Grimaldi, Steve Kremer (responsable), Juliette Leblond, Aurore Poirier, Benjamin Smith, M\u00e9lanie Raimbault, Nathalie Revol, Elise Taillant<br \/>\n<strong>Anciennes et anciens membres<\/strong>: Audrey Fronton, Laur\u00e9line Nevin<\/p>\n<h2><span style=\"color: #1067a3;\">Lutte contre les violences sexuelles et sexistes, harc\u00e8lements et discriminations<\/span><\/h2>\n<p class=\"p1\">L\u2019objet de ce GT est de proposer la mise en place d\u2019actions concr\u00e8tes visant \u00e0 lutter contre les violences sexuelles et sexistes, les harc\u00e8lements et discriminations.<\/p>\n<p class=\"p1\">Son champ d\u2019action est large : sensibilisation et formation du personnel, des instances, am\u00e9lioration de l\u2019aide apport\u00e9e aux victimes\u2026<\/p>\n<p><strong>Membres<\/strong>: Francis Bach, Catherine Bonnet, Cl\u00e9mence Frioux, C\u00e9line Grandmont (responsable), Benjamin Guedj, La\u00e9rcio Pilla Lima, Sylvain Salvati<\/p>\n<h2><span style=\"color: #1067a3;\">Mentorat<\/span><\/h2>\n<p class=\"p1\">Ce GT s\u2019int\u00e9resse au d\u00e9ploiement national du programme mentorat mis en place tout d\u2019abord \u00e0 Rennes puis repris et enrichi \u00e0 titre d\u2019exp\u00e9rimentation \u00e0 Lille et Saclay.<\/p>\n<p><strong>Membres<\/strong>: Enora Denimal, C\u00e9line Grandmont, Steve Kremer, Jing-Rebecca LI (responsable)<\/p>\n<h2><span style=\"color: #1067a3;\">Environnement de travail inclusif<\/span><\/h2>\n<p class=\"p1\">Le but de ce GT est de recueillir dans les centres les nombreuses demandes du personnel ayant trait \u00e0 des questions de parit\u00e9 et \u00e9galit\u00e9 dans le domaine du \u2018bien vivre ensemble\u2019 , de recenser les bonnes pratiques et de faire des propositions \u00e0 d\u00e9ployer id\u00e9alement dans tous les centres.<\/p>\n<p><strong>Membres<\/strong>: Enora Denimal, Cl\u00e9mence Frioux (responsable), Olivier Gladin, Juliette Leblond, La\u00e9rcio Pilla Lima, Aurore Poirier, M\u00e9lanie Raimbault, Nathalie Revol, Benjamin Smith, Elise Taillant<\/p>\n<h2><span style=\"color: #1067a3;\">Diagnostic et \u00e9volution<\/span><\/h2>\n<p>Ce GT est charg\u00e9 de fournir un \u00e9tat des lieux tr\u00e8s complet sur la situation actuelle de l&rsquo;institut au regard des enjeux de parit\u00e9 et \u00e9galit\u00e9 des chances ainsi qu&rsquo;un bilan r\u00e9gulier d&rsquo;\u00e9volution.<br \/>\n<strong>Membres<\/strong>: Liliana Cucu-Grosjean (responsable), Enora Denimal, Jing-Rebecca LI<br \/>\n<strong>Anciennes et anciens membres<\/strong>: Ilaria Castellani, Pascale Charpin, Christine Einsebeis, C\u00e9line Grandmont, Juliette Leblond,\u00a0 Nicolas Roussel<\/p>\n<h2><span style=\"color: #1067a3;\">Profils internationaux<\/span><\/h2>\n<p class=\"p1\">Ce GT est d\u00e9di\u00e9 \u00e0 une meilleure prise en compte des profils internationaux, d\u2019une part pour am\u00e9liorer encore l\u2019aspect \u00e9galit\u00e9 des chances lors des recrutements de personnes ayant \u00e9tudi\u00e9 \u00e0 l\u2019international et d\u2019autre part pour favoriser une insertion ais\u00e9e sur tous les plans dans l\u2019institut de toute personne arrivant de l\u2019\u00e9tranger (sur contrat ou en visite).<\/p>\n<p><strong>Membres<\/strong>: Francis Bach, Nataliia Bielova, Catherine Bonnet (responsable), Ilaria Castellani, Benjamin Guedj, Jing-Rebecca LI, La\u00e9rcio Pilla Lima, Benjamin Smith<br \/>\n<strong>Anciennes et anciens membres<\/strong>: Emmanuel Baccelli, Valerie Berthou, Anke Brock, Aline Carneiro Viana, Steve Oudot<\/p>\n<h2><span style=\"color: #1067a3;\">Parentalit\u00e9 et \u00e9quilibre des temps de vie<\/span><\/h2>\n<p class=\"p1\">Ce groupe de travail souhaite identifier les questions sp\u00e9cifiques li\u00e9es \u00e0 la parentalit\u00e9, en posant les bases d\u2019un environnement favorable \u00e0 nos coll\u00e8gues parents \u00e0 l\u2019int\u00e9rieur de l\u2019INRIA. Ce groupe qui a travaill\u00e9 sur le <a href=\"https:\/\/parite.inria.fr\/files\/2015\/07\/GUIDE-PARENTS-OK.pdf\">Guide des parents 2018<\/a> est pour l\u2019instant en veille.<\/p>\n<p><strong>Anciennes et anciens membres<\/strong>: Florence Bertails-Descoubes, Liliana Cucu-Grosjean, Florian Dufour, Fabienne Elbar, Nicolas Jahier, Yohan Michel, Julie Mouzet, La\u00e9rcio Pilla Lima,\u00a0Didier Roy<\/p>\n","protected":false},"excerpt":{"rendered":"<p>Communication Le GT Communication a l\u2019ambition d\u2019adresser des questions tr\u00e8s diverses autour de la communication autant en interne qu\u2019en externe : le maintien du site web du comit\u00e9, le choix de diff\u00e9rents canaux pour la diffusion des actions du comit\u00e9 ainsi que la pr\u00e9paration de supports adapt\u00e9s, l\u2019\u00e9laboration de nouvelles\u2026<\/p>\n<p class=\"continue-reading-button\"> <a class=\"continue-reading-link\" href=\"https:\/\/parite.inria.fr\/fr\/groupes-de-travail\/\">Lire la suite<i class=\"crycon-right-dir\"><\/i><\/a><\/p>\n","protected":false},"author":1214,"featured_media":0,"parent":0,"menu_order":0,"comment_status":"closed","ping_status":"closed","template":"","meta":{"_mc_calendar":[],"footnotes":""},"class_list":["post-68","page","type-page","status-publish","hentry"],"_links":{"self":[{"href":"https:\/\/parite.inria.fr\/fr\/wp-json\/wp\/v2\/pages\/68","targetHints":{"allow":["GET"]}}],"collection":[{"href":"https:\/\/parite.inria.fr\/fr\/wp-json\/wp\/v2\/pages"}],"about":[{"href":"https:\/\/parite.inria.fr\/fr\/wp-json\/wp\/v2\/types\/page"}],"author":[{"embeddable":true,"href":"https:\/\/parite.inria.fr\/fr\/wp-json\/wp\/v2\/users\/1214"}],"replies":[{"embeddable":true,"href":"https:\/\/parite.inria.fr\/fr\/wp-json\/wp\/v2\/comments?post=68"}],"version-history":[{"count":76,"href":"https:\/\/parite.inria.fr\/fr\/wp-json\/wp\/v2\/pages\/68\/revisions"}],"predecessor-version":[{"id":1274,"href":"https:\/\/parite.inria.fr\/fr\/wp-json\/wp\/v2\/pages\/68\/revisions\/1274"}],"wp:attachment":[{"href":"https:\/\/parite.inria.fr\/fr\/wp-json\/wp\/v2\/media?parent=68"}],"curies":[{"name":"wp","href":"https:\/\/api.w.org\/{rel}","templated":true}]}}

<h2><span style="color: #1067a3;">Communication</span></h2>
<p>Le GT Communication a l’ambition d’adresser des questions très diverses autour de la communication autant en interne qu’en externe : le maintien du site web du comité, le choix de différents canaux pour la diffusion des actions du comité ainsi que la préparation de supports adaptés, l’élaboration de nouvelles recommandations pour une communication égalitaire qui tiennent compte des aspects handicap, la création d’une bibliothèque parité…</p>
<p><strong>Membres</strong>: Catherine Bonnet (responsable), Ilaria Castellani, Clémence Frioux, Marie-Laetitia Gambié, Olivier Gladin, Céline Grandmont, Steve Kremer</p>
<p><strong>Anciennes et anciens membres</strong>: Serge Abiteboul, Catherine Bonnet, Ilaria Castellani, Liliana Cucu-Grosjean, Florian Dufour, Fabienne Elbar, Marie-Agnès Enard, Céline Grandmont, Laetitia Grimaldi, Pascal Guitton, Juliette Leblond, Julie Mouzet, Charles Renou, Nathalie Revol, Antoine Rousseau, Nicolas Roussel</p>
<h2><span style="color: #1067a3;">Recrutement</span></h2>
<p>Le GT Recrutement est dédié à l&rsquo;extension à tous les concours de recrutement et promotion de l’institut des bonnes pratiques en matière de prise en compte des questions de parité et égalité telles qu’établies pour les concours chercheurs et chercheuses : les concours ITA, les concours CPJ, les divers concours d’admission de l’institut, les recrutements en doctorat, postdoctorat, sur des postes d’ingénieur/ingénieure en CDD…</p>
<p class="p1">Par ailleurs, il mène des réflexions sur les possibles leviers pour attirer plus de candidatures féminines dans l’institut.</p>
<p><strong>Membres</strong>: Catherine Bonnet (responsable), Ilaria Castellani, Olivier Gladin, Céline Grandmont, Benjamin Guedj, Steve Kremer, Juliette Leblond, Roger Pissard-Gibollet,  Sylvain Salvati, Benjamin Smith<br />
<strong>Anciennes et anciens membres</strong>: Hugues Berry, Ilaria Castellani, Liliana Cucu-Grosjean, Céline Grandmont, Yohan Michel, Antoine Rousseau, Nicolas Roussel, Anne Siegel</p>
<h2><span style="color: #1067a3;">Aide au retour après un arrêt (maternité, maladie, aidant/aidante)</span></h2>
<p class="p1">Ce GT est dédié au recensement de diverses actions à mettre en place pour aider à la reprise d’activité<span class="Apple-converted-space">  </span>tout personnel soumis à un arrêt d’activité long : arrêt maternité, arrêt maladie, personne aidante…</p>
<p class="p1">Il poursuit par ailleurs les travaux du GT ‘Parentalité et équilibre des temps de vie’ en travaillant sur une mise à jour du guide des parents de 2018.</p>
<p><strong>Membres</strong>: Catherine Bonnet, Delphine Charbonneau, Laércio Pilla Lima (responsable), Aurore Poirier, Elise Taillant, Mélanie Raimbault</p>
<h2><span style="color: #1067a3;">Inclusion des personnes LGBTQIA+</span></h2>
<p class="p1">Ce GT a été créé pour mener des réflexions conduisant à la rédaction d’une charte LGBTQIA+ ainsi qu’au déploiement d’actions de sensibilisation et formation des personnels de l’institut.</p>
<p class="p1">La question de la visibilité des personnes LGBTQIA+<span class="Apple-converted-space">  </span>est également considérée par ce GT.</p>
<p><strong>Membres</strong>: Nathalie Bertrand, Dominique Chapelle, Caroline Collange, Andreas Enge, Laetitia Grimaldi, Steve Kremer (responsable), Juliette Leblond, Aurore Poirier, Benjamin Smith, Mélanie Raimbault, Nathalie Revol, Elise Taillant<br />
<strong>Anciennes et anciens membres</strong>: Audrey Fronton, Lauréline Nevin</p>
<h2><span style="color: #1067a3;">Lutte contre les violences sexuelles et sexistes, harcèlements et discriminations</span></h2>
<p class="p1">L’objet de ce GT est de proposer la mise en place d’actions concrètes visant à lutter contre les violences sexuelles et sexistes, les harcèlements et discriminations.</p>
<p class="p1">Son champ d’action est large : sensibilisation et formation du personnel, des instances, amélioration de l’aide apportée aux victimes…</p>
<p><strong>Membres</strong>: Francis Bach, Catherine Bonnet, Clémence Frioux, Céline Grandmont (responsable), Benjamin Guedj, Laércio Pilla Lima, Sylvain Salvati</p>
<h2><span style="color: #1067a3;">Mentorat</span></h2>
<p class="p1">Ce GT s’intéresse au déploiement national du programme mentorat mis en place tout d’abord à Rennes puis repris et enrichi à titre d’expérimentation à Lille et Saclay.</p>
<p><strong>Membres</strong>: Enora Denimal, Céline Grandmont, Steve Kremer, Jing-Rebecca LI (responsable)</p>
<h2><span style="color: #1067a3;">Environnement de travail inclusif</span></h2>
<p class="p1">Le but de ce GT est de recueillir dans les centres les nombreuses demandes du personnel ayant trait à des questions de parité et égalité dans le domaine du ‘bien vivre ensemble’ , de recenser les bonnes pratiques et de faire des propositions à déployer idéalement dans tous les centres.</p>
<p><strong>Membres</strong>: Enora Denimal, Clémence Frioux (responsable), Olivier Gladin, Juliette Leblond, Laércio Pilla Lima, Aurore Poirier, Mélanie Raimbault, Nathalie Revol, Benjamin Smith, Elise Taillant</p>
<h2><span style="color: #1067a3;">Diagnostic et évolution</span></h2>
<p>Ce GT est chargé de fournir un état des lieux très complet sur la situation actuelle de l&rsquo;institut au regard des enjeux de parité et égalité des chances ainsi qu&rsquo;un bilan régulier d&rsquo;évolution.<br />
<strong>Membres</strong>: Liliana Cucu-Grosjean (responsable), Enora Denimal, Jing-Rebecca LI<br />
<strong>Anciennes et anciens membres</strong>: Ilaria Castellani, Pascale Charpin, Christine Einsebeis, Céline Grandmont, Juliette Leblond,  Nicolas Roussel</p>
<h2><span style="color: #1067a3;">Profils internationaux</span></h2>
<p class="p1">Ce GT est dédié à une meilleure prise en compte des profils internationaux, d’une part pour améliorer encore l’aspect égalité des chances lors des recrutements de personnes ayant étudié à l’international et d’autre part pour favoriser une insertion aisée sur tous les plans dans l’institut de toute personne arrivant de l’étranger (sur contrat ou en visite).</p>
<p><strong>Membres</strong>: Francis Bach, Nataliia Bielova, Catherine Bonnet (responsable), Ilaria Castellani, Benjamin Guedj, Jing-Rebecca LI, Laércio Pilla Lima, Benjamin Smith<br />
<strong>Anciennes et anciens membres</strong>: Emmanuel Baccelli, Valerie Berthou, Anke Brock, Aline Carneiro Viana, Steve Oudot</p>
<h2><span style="color: #1067a3;">Parentalité et équilibre des temps de vie</span></h2>
<p class="p1">Ce groupe de travail souhaite identifier les questions spécifiques liées à la parentalité, en posant les bases d’un environnement favorable à nos collègues parents à l’intérieur de l’INRIA. Ce groupe qui a travaillé sur le <a href="https://parite.inria.fr/files/2015/07/GUIDE-PARENTS-OK.pdf">Guide des parents 2018</a> est pour l’instant en veille.</p>
<p><strong>Anciennes et anciens membres</strong>: Florence Bertails-Descoubes, Liliana Cucu-Grosjean, Florian Dufour, Fabienne Elbar, Nicolas Jahier, Yohan Michel, Julie Mouzet, Laércio Pilla Lima, Didier Roy</p>

<p>Communication Le GT Communication a l’ambition d’adresser des questions très diverses autour de la communication autant en interne qu’en externe : le maintien du site web du comité, le choix de différents canaux pour la diffusion des actions du comité ainsi que la préparation de supports adaptés, l’élaboration de nouvelles…</p>
<p class="continue-reading-button"> <a class="continue-reading-link" href="https://parite.inria.fr/fr/groupes-de-travail/">Lire la suite<i class="crycon-right-dir"></i></a></p>
